2 is divided by 422.
416
Calculate the remainder when 26102 is divided by 25896.
206
Calculate the remainder when 793259 is divided by 22.
5
Calculate the remainder when 5200 is divided by 2580.
40
What is the remainder when 345135 is divided by 592?
591
Calculate the remainder when 16352 is divided by 79.
78
Calculate the remainder when 8007 is divided by 195.
12
What is the remainder when 596631 is divided by 261?
246
What is the remainder when 125273 is divided by 180?
173
Calculate the remainder when 469 is divided by 35.
14
What is the remainder when 219384 is divided by 17?
16
Calculate the remainder when 36977 is divided by 460.
177
Calculate the remainder when 72168 is divided by 99.
96
What is the remainder when 17836 is divided by 36?
16
What is the remainder when 112382 is divided by 601?
596
Calculate the remainder when 3779889 is divided by 54.
51
What is the remainder when 4050348 is divided by 17?
13
What is the remainder when 80149 is divided by 28?
13
Calculate the remainder when 32979 is divided by 912.
147
Calculate the remainder when 15170 is divided by 8.
2
Calculate the remainder when 4539316 is divided by 42.
40
What is the remainder when 12018 is divided by 182?
6
What is the remainder when 600604 is divided by 52?
4
Calculate the remainder when 66256 is divided by 16551.
52
Calculate the remainder when 9241 is divided by 14.
1
What is the remainder when 17511 is divided by 94?
27
What is the remainder when 54681 is divided by 217?
214
What is the remainder when 20498 is divided by 16?
2
Calculate the remainder when 20197 is divided by 9641.
915
Calculate the remainder when 8023 is divided by 27.
4
What is the remainder when 82057 is divided by 97?
92
Calculate the remainder when 534346 is divided by 729.
718
What is the remainder when 4873 is divided by 8?
1
Calculate the remainder when 10878 is divided by 2719.
2
Calculate the remainder when 21992 is divided by 10974.
44
What is the remainder when 49208 is divided by 185?
183
Calculate the remainder when 1083391 is divided by 256.
255
Calculate the remainder when 243483 is divided by 171.
150
Calculate the remainder when 453355 is divided by 107.
103
What is the remainder when 59241 is divided by 38?
37
Calculate the remainder when 12812 is divided by 40.
12
What is the remainder when 16251 is divided by 740?
711
What is the remainder when 1571 is divided by 21?
17
What is the remainder when 4554 is divided by 892?
94
Calculate the remainder when 1261151 is divided by 151.
150
What is the remainder when 6102 is divided by 1523?
10
Calculate the remainder when 425320 is divided by 321.
316
What is the remainder when 7986 is divided by 92?
74
Calculate the remainder when 3235 is divided by 125.
110
Calculate the remainder when 627407 is divided by 12.
11
What is the remainder when 14905 is divided by 2108?
149
Calculate the remainder when 103119 is divided by 375.
369
Calculate the remainder when 9790 is divided by 189.
151
What is the remainder when 18551 is divided by 2629?
148
What is the remainder when 206178 is divided by 93?
90
What is the remainder when 2006 is divided by 492?
38
Calculate the remainder when 118821 is divided by 54.
21
What is the remainder when 37755 is divided by 455?
445
Calculate the remainder when 735 is divided by 96.
63
Calculate the remainder when 418974 is divided by 4604.
10
What is the remainder when 100779 is divided by 33496?
291
Calculate the remainder when 843 is divided by 24.
3
Calculate the remainder when 11921 is divided by 134.
129
What is the remainder when 91104 is divided by 30?
24
What is the remainder when 11947 is divided by 5534?
879
What is the remainder when 2799 is divided by 423?
261
What is the remainder when 25781 is divided by 12?
5
What is the remainder when 375920 is divided by 117?
116
Calculate the remainder when 5451 is divided by 610.
571
Calculate the remainder when 1178209 is divided by 1178202.
7
What is the remainder when 48296 is divided by 589?
587
Calculate the remainder when 9355 is divided by 1166.
27
What is the remainder when 16779 is divided by 243?
12
Calculate the remainder when 941873 is divided by 94187.
3
What is the remainder when 15526 is divided by 622?
598
Calculate the remainder when 22938 is divided by 694.
36
What is the remainder when 8421 is divided by 98?
91
What is the remainder when 1171 is divided by 892?
279
What is the remainder when 434312 is divided by 5?
2
Calculate the remainder when 4344 is divided by 1447.
3
Calculate the remainder when 1288 is divided by 118.
108
Calculate the remainder when 25226 is divided by 187.
168
What is the remainder when 5442 is divided by 605?
602
Calculate the remainder when 18099 is divided by 18.
9
What is the remainder when 13459 is divided by 3339?
103
Calculate the remainder when 6737 is divided by 1682.
9
What is the remainder when 5905 is divided by 2658?
589
What is the remainder when 10473 is divided by 59?
30
Calculate the remainder when 109876 is divided by 27.
13
What is the remainder when 760822 is divided by 101?
90
Calculate the remainder when 3948 is divided by 253.
153
Calculate the remainder when 1724703 is divided by 513.
510
What is the remainder when 9177 is divided by 2240?
217
What is the remainder when 4421 is divided by 2163?
95
What is the remainder when 97684 is divided by 167?
156
What is the remainder when 1023 is divided by 150?
123
What is the remainder when 6017 is divided by 207?
14
What is the remainder when 1939 is divided by 141?
106
What is the remainder when 189514 is divided by 84?
10
Calculate the remainder when 36392 is divided by 45.
32
Calculate the remainder when 54517 is divided by 8.
5
Calculate the remainder when 18054 is divided by 925.
479
What is the remainder when 19993 is divided by 202?
197
What is the remainder when 22551 is divided by 22464?
87
What is the remainder when 15559 is divided by 204?
55
What is the remainder when 5092366 is divided by 48?
46
What is the remainder when 48103 is divided by 739?
68
What is the remainder when 74987 is divided by 487?
476
What is the remainder when 50479 is divided by 22?
11
What is the remainder when 10793 is divided by 2?
1
Calculate the remainder when 4050 is divided by 165.
90
What is the remainder when 14213 is divided by 195?
173
Calculate the remainder when 66723 is divided by 16680.
3
What is the remainder when 9331 is divided by 3098?
37
What is the remainder when 10019 is divided by 1651?
113
What is the remainder when 4242 is divided by 830?
92
What is the remainder when 45764 is divided by 6535?
19
Calculate the remainder when 31722 is divided by 49.
19
What is the remainder when 7732 is divided by 3848?
36
Calculate the remainder when 2501 is divided by 14.
9
What is the remainder when 1667 is divided by 340?
307
Calculate the remainder when 1927393 is divided by 27.
25
What is the remainder when 17884 is divided by 543?
508
What is the remainder when 7380 is divided by 251?
101
What is the remainder when 290067 is divided by 508?
507
Calculate the remainder when 2307 is divided by 178.
171
What is the remainder when 8209 is divided by 1413?
1144
Calculate the remainder when 8431 is divided by 2102.
23
What is the remainder when 6954 is divided by 688?
74
What is the remainder when 6010 is divided by 2828?
354
What is the remainder when 49195 is divided by 16388?
31
Calculate the remainder when 66957 is divided by 93.
90
What is the remainder when 1588 is divided by 645?
298
Calculate the remainder when 10734 is divided by 1786.
18
What is the remainder when 787 is divided by 348?
91
What is the remainder when 278 is divided by 3?
2
Calculate the remainder when 46 is divided by 36.
10
Calculate the remainder when 22005 is divided by 613.
550
What is the remainder when 3574 is divided by 852?
166
What is the remainder when 1163658 is divided by 166?
164
Calculate the remainder when 571175 is divided by 12.
11
What is the remainder when 5346 is divided by 170?
76
Calculate the remainder when 26635 is divided by 317.
7
What is the remainder when 803 is divided by 308?
187
Calculate the remainder when 18702 is divided by 988.
918
Calculate the remainder when 5232 is divided by 117.
84
Calculate the remainder when 75938 is divided by 